(-4)/g?
5
Let v = -4 + 24. List the prime factors of v.
2, 5
Let u(v) = -v**3 - 16*v**2 - 4. Let o be u(-16). Let k = -1 + 1. List the prime factors of (-8 - k)/(2/o).
2
Let x = -6 - 22. What are the prime factors of (-2)/(-8)*0 - x?
2, 7
Suppose 0 = 2*x + 2*u - 8, -4*u = -2*x - 0*u + 14. Suppose 4*a = 2*a + x*t - 20, -a + 3*t - 8 = 0. Let z = a + 31. List the prime factors of z.
11
Let b be (6/(-9))/((-4)/6). Let y = 18 - b. What are the prime factors of y?
17
Let b = -6 - -11. Let z(d) = 5*d + b - 3 - 3*d. What are the prime factors of z(5)?
2, 3
Let q be (-14)/3*(-36)/(-14). Let g = q - -20. What are the prime factors of g?
2
Suppose -15 = -o + 5*p + 36, -5*p = 5*o - 375. What are the prime factors of o?
71
Let h = 9 + 35. What are the prime factors of h?
2, 11
Let z(o) = 5 - o**2 - 2 + 5 - 6*o. Let f(c) = -c - 2. Let s be f(4). List the prime factors of z(s).
2
Let l be 1 - (-1 + 2)/(-1). Suppose -2*q = 2*q. Suppose q = -l*u + u + 3. List the prime factors of u.
3
Let d(l) = 10*l - 5. What are the prime factors of d(2)?
3, 5
Let f(j) = -j. Let c(g) = -1. Let s(l) = -3. Let v(r) = -2*c(r) + s(r). Let z(b) = 2*f(b) + 6*v(b). List the prime factors of z(-6).
2, 3
Let a(l) = l + 1. Let i be a(5). Let v = 3 - i. Let q = 9 - v. What are the prime factors of q?
2, 3
Let o be -4 - (0 + -2) - -4. Let n be (18 - o) + (-5 - -4). What are the prime factors of (-6)/(-5)*(n + 0)?
2, 3
Let y = 8 + -5. Suppose 0 = 2*o - y*o + 6. What are the prime factors of o?
2, 3
Suppose -12 - 3 = -3*h. Suppose -4*i - 2*u - 2 = 0, 4*i + 3*u - 1 = -2. Let s = i + h. What are the prime factors of s?
2
Suppose -1593 + 333 = -4*k. List the prime factors of k.
3, 5, 7
Suppose 0*r - 2*r - 114 = -4*i, -3 = -r. Suppose -2 - 7 = -4*x + k, -5*k + i = 5*x. Suppose y - 11 = 4*s, -y + 0*y + x*s = -11. What are the prime factors of y?
11
What are the prime factors of (-261)/(-81) + (-2)/9?
3
Suppose 6*z - 10 = 11*z. Let x(l) = -l**3 + 1. What are the prime factors of x(z)?
3
What are the prime factors of (-1 - 0) + 28 - -1?
2, 7
List the prime factors of 4/(-6) - 155/(-3).
3, 17
Suppose 0 = -3*d, -3*h + 175 + 125 = -5*d. List the prime factors of h.
2, 5
What are the prime factors of -1 + 4 - (-7 + 7)?
3
Let n = 5 + 1. Let f = 0 + n. List the prime factors of f.
2, 3
Let p(u) = -15*u + 5. List the prime factors of p(-2).
5, 7
Let l = 421 + -281. List the prime factors of l.
2, 5, 7
Let g(o) = -o - 9. Let u be g(-9). Suppose -3*r + 4 - 1 = u. List the prime factors of 0 - (-5 - r/(-1)).
2
Let n(p) = p**2 - 2*p - 5. Let g = 0 + 4. Let c be n(g). Suppose -c*b - 2 = -8. List the prime factors of b.
2
Let x = -1 - -3. Suppose x*z - 42 = -z. List the prime factors of z.
2, 7
Let i = 13 + 7. List the prime factors of i.
2, 5
Suppose 4*a = -k + 19, 121 = -k + 5*k + a. Suppose k - 13 = 3*z. List the prime factors of z.
2, 3
Let x be 2 + 2 + -1 + -1. Suppose -4*u = -8, u + 3*u = x*v - 8. Suppose -s - d - 4 = 4*d, -2*d + v = 2*s. What are the prime factors of s?
2, 3
Suppose 6*t = -7*t + 3913. List the prime factors of t.
7, 43
Suppose 3*i = -4*j + 446, -2*j - j = -15. What are the prime factors of i?
2, 71
Let t(m) = m**2 + 6*m + 7. Suppose 0 = 4*r - 4*k, 3*r = -2*k + 3 + 7. Let s be r/(-6) + (-34)/6. List the prime factors of t(s).
7
Let l(p) = p + 9. Suppose 0 = 3*w - w. Suppose 4*c + w*c = -n + 8, -4*c + 12 = 0. What are the prime factors of l(n)?
5
Let w = -39 + 97. List the prime factors of w.
2, 29
Let b(y) = -y**2 - y - 39. Let v be b(0). Let x be 0 - (1 - v)/(-2). Suppose 2*t = -3*t + 3*n + x, n + 23 = 4*t. What are the prime factors of t?
7
Let p = 9 - 6. Suppose 0*x + 6 = -p*x. Let v(y) = 3*y**2 + 3*y + 3. List the prime factors of v(x).
3
Let o = -127 - -208. What are the prime factors of o?
3
Let x = 82 + -23. List the prime factors of (-6)/12 - x/(-2).
29
Let w(o) = 2*o + 12 + 8*o + 3 - o**2. List the prime factors of w(9).
2, 3
What are the prime factors of (-8)/(-44) + (-1074)/(-22)?
7
List the prime factors of (-3)/(2/(328/(-12))).
41
Suppose 5*w = 144 + 6. What are the prime factors of w?
2, 3, 5
Suppose 0 = i + 5*x - 360, 2*x = -4*i - x + 1423. List the prime factors of i.
5, 71
Let w(m) = m**3 - m**2 + m + 2. Let j be w(2). Suppose -u - 13 = -2*k + j, -2*k + 5*u = -17. What are the prime factors of k?
11
Let n(x) = 1. Let o(z) = 2*z + 24. Let v(y) = -10*n(y) + o(y). List the prime factors of v(17).
2, 3
Suppose 0 + 4 = 3*u + 2*o, 2*o = -8. What are the prime factors of u*((-35)/2)/(-7)?
2, 5
Let y(u) = -2*u - 6. List the prime factors of y(-12).
2, 3
Suppose -82 = -4*n - 14. Let t(r) = -r + 1. Let i be t(-3). Let h = n - i. List the prime factors of h.
13
Let t = 0 + -4. List the prime factors of (-2)/(-4) - 30/t.
2
Let q be (-12)/(-24)*(1 + -1). Suppose 12 = -3*x + 7*x - d, q = 5*x - 5*d. List the prime factors of x.
2
Suppose 3*g = g - 2. Let v be (-4)/(((-4)/10)/g). List the prime factors of (26/4)/((-5)/v).
13
Let v = 28 + -14. Suppose -2*g = -v - 32. List the prime factors of g.
23
Suppose -26 = -2*c + 5*a, -4 = 3*a - a. List the prime factors of c.
2
Let m be ((-28)/3)/(2/(-6)). Let q be -1*3 + m/4. Suppose 5*t = 5*p + 55, -3*t + 18 = -t - q*p. What are the prime factors of t?
13
List the prime factors of 1/(-4)*-1*388.
97
What are the prime factors of -2*(-2 - (-9)/(-2))?
13
Let n be 24/10 - 4/10. Suppose 5*a - l - 12 = n*l, 0 = -5*l + 5. List the prime factors of (-13)/(-1) - (a - 5).
3, 5
Let r(y) = y**3 + 8*y**2 + 7*y + 4. Let o = 14 + -21. Let b be r(o). Suppose -w + 20 = -b*u, -3*u - 63 = -4*w - 4*u. List the prime factors of w.
2
Suppose -3*f - g = -0*f - 59, -4*g = 2*f - 46. List the prime factors of f.
19
Let z = 4 - -35. What are the prime factors of z?
3, 13
Let t = 3 - -1. Let m(n) = 2*n - 6. Let y be m(t). Suppose -u - 14 = 4*h, 5*u + 2 = y*u - 4*h. What are the prime factors of u?
2, 3
Let v(k) = 24*k**2 + 3*k + 4. List the prime factors of v(3).
229
Suppose 0 = -4*r, 2*r - 4 + 0 = -2*t. Suppose t*h = -0*h + 2. Suppose -h + 7 = 2*u. What are the prime factors of u?
3
Let x(d) = d**3 + 8*d**2 + 5*d - 1. What are the prime factors of x(-4)?
43
Let l(f) = f**2 + 5*f - 6. Let h be l(-7). List the prime factors of h - 1*(0 + 1).
7
Suppose 10*v - 884 = 486. What are the prime factors of v?
137
Let a(d) = -d**2 + 15*d - 15. Let m = 5 + 6. List the prime factors of a(m).
29
List the prime factors of (4/2)/((-3)/(-6)).
2
Let u(f) = -f + 6. What are the prime factors of u(-8)?
2, 7
Suppose 4*o + 0*d = 4*d + 4, 5*d = 2*o + 4. Suppose o*j - 24 - 12 = 0. List the prime factors of (j/(-18))/(4/(-18)).
3
Let x(k) = k + 1. Suppose -20 = -5*j + 5*a, -j + 8*a - 5 = 4*a. Let w = j - 1. List the prime factors of x(w).
7
Suppose -7*g + 10 = -2*g. Suppose 3*x - 4*i = -i + 27, -3*i = -g*x + 23. Suppose 0 = -3*b + x + 5. List the prime factors of b.
3
Let u(w) = -10*w + 3. Let h(m) = -5*m + 2. Let q(j) = -7*h(j) + 3*u(j). What are the prime factors of q(8)?
5, 7
Let v be (1/3)/(5/585). Suppose -3*r + v = -0*r. List the prime factors of r.
13
Let i(t) = -t**2 + 3*t - 2. Let y be i(3). Let b be 40/y - (-2)/(-2). Let q = -13 - b. What are the prime factors of q?
2
Let l = -8 + 7. What are the prime factors of -2 + l - -3 - -20?
2, 5
Let m(l) = -4*l**2 + 3 + 4*l**2 + 2*l - l**3. Let f = -4 - -2. What are the prime factors of m(f)?
7
Suppose -3 = -q + r, q + 2*r + r = -1. What are the prime factors of q?
2
Suppose -5*s = -24 - 76. Suppose -2*i = -m - 19, -2*m = -4*i + i + 29. Let r = s - i. What are the prime factors of r?
11
Let r be (-3)/6 - 106/4. Let f = -15 - r. List the prime factors of f.
2, 3
Let b be (4/10)/(2/10). Suppose -b*q - 4*p + 2 = -6, -15 = -3*p. List the prime factors of q/(-4) + 6/12.
2
List the prime factors of 796/14 + 3/21.
3, 19
Suppose x + 108 = 7*x. List the prime factors of x.
2, 3
Suppose -2*x + 19 = 5*k, 8*x - 3*x = -2*k - 5. Let n(u) = -u**3 + 13 - 3*u - 11*u**2 + k*u - u + 3. What are the prime factors of n(-11)?
5
Let f(r) = r**2 + 5*r - 17. What are the prime factors of f(-17)?
11, 17
Suppose -2*a = -7 - 5. Suppose -4*v + a*v = -4. Let f = v + 22. List the prime factors of f.
2, 5
Let s(k) = 11*k**2 + 1. Suppose -4*p + 3 = -p. List the prime factors of s(p).
2, 3
Suppose 196 = 4*b - 0*b + k, -b = -2*k - 58. List the prime factors of b.
2, 5
Let 